what is b1a - -6?
b24
In base 10, what is 826 + 27?
853
In base 8, what is -506 + -2655?
-3363
In base 10, what is -1 + 769467?
769466
In base 12, what is 6 - -44a?
454
In base 12, what is -5 - -112b4?
112ab
In base 9, what is -3450458 - -3?
-3450455
In base 5, what is 233 + -21?
212
In base 5, what is -14002 + 4412?
-4040
In base 7, what is 663 - 1156?
-163
In base 5, what is -312 - -2313420?
2313103
In base 11, what is -1a442 - 0?
-1a442
In base 5, what is 13 - -122001?
122014
In base 3, what is -110210 + -1220012?
-2100222
In base 10, what is 36 - -277?
313
In base 9, what is -237851 - 46?
-238007
In base 14, what is -3a + -299?
-2d5
In base 14, what is 9 - -5c57?
5c62
In base 2, what is 111001 - -101010100000100?
101010100111101
In base 7, what is -100326 - 36?
-100365
In base 7, what is 6 - 3140261?
-3140252
In base 8, what is 4 + 65504?
65510
In base 12, what is 2a - 3884?
-3856
In base 13, what is 1505 - -5c?
1564
In base 9, what is -5741662 - 2?
-5741664
In base 5, what is 133313 - 130?
133133
In base 9, what is 6 + -104177?
-104171
In base 12, what is 1b8 + 127?
323
In base 13, what is 86 + -6363?
-62aa
In base 7, what is 65226 + -6?
65220
In base 13, what is -a3825 - 2?
-a3827
In base 7, what is 14 - -246224?
246241
In base 7, what is -10 + -33024?
-33034
In base 11, what is 4 - 149a68?
-149a64
In base 15, what is 6257 + -48?
620e
In base 8, what is -11 + 2221?
2210
In base 15, what is -2 - -571c?
571a
In base 9, what is -836 + -126?
-1063
In base 13, what is -333686 + -2?
-333688
In base 5, what is -41334 - -4?
-41330
In base 9, what is 532 + 5315?
5847
In base 8, what is -4 + -16264?
-16270
In base 2, what is -11 - -1101101100111011111?
1101101100111011100
In base 6, what is 4531202 - -5?
4531211
In base 2, what is 11001010000110010111101 - -11?
11001010000110011000000
In base 7, what is -56163 + 0?
-56163
In base 10, what is -62 - -21977?
21915
In base 11, what is -38 - -509?
481
In base 12, what is -525 - -b0?
-435
In base 14, what is 5 - 1d0b?
-1d06
In base 10, what is -30 + 121?
91
In base 16, what is -9281 - 78?
-92f9
In base 14, what is 5 - d5cc?
-d5c7
In base 5, what is 1101400 - -3?
1101403
In base 10, what is 19 + 141048?
141067
In base 5, what is -3 - 2131231?
-2131234
In base 7, what is -111035 + -10?
-111045
In base 4, what is 2 + 201303323?
201303331
In base 3, what is -101 + 2102000?
2101122
In base 6, what is 1012423 + -4?
1012415
In base 14, what is -2 - 56033?
-56035
In base 3, what is 22221 + -10201121?
-10101200
In base 4, what is 1 + 102203201?
102203202
In base 2, what is -111010 + -1000101011?
-1001100101
In base 12, what is 42523 - -1?
42524
In base 3, what is -1120120212 + -21?
-1120121010
In base 12, what is 16 - 207a?
-2064
In base 15, what is 4 + -52e68?
-52e64
In base 2, what is -1101011110000011110 + -101?
-1101011110000100011
In base 5, what is -321203 + 1?
-321202
In base 13, what is 839aa + -4?
839a6
In base 11, what is -31 - -3995?
3964
In base 10, what is 83 - 1249?
-1166
In base 10, what is 394 - -103?
497
In base 8, what is 235 - 200?
35
In base 13, what is 2 - 3549?
-3547
In base 12, what is -7a5 + -58?
-841
In base 4, what is 10303301013 - 11?
10303301002
In base 5, what is -204 + 13223?
13014
In base 12, what is 5a - 20ba?
-2060
In base 12, what is 1a18 - 6?
1a12
In base 8, what is 12564 - -2?
12566
In base 6, what is -1042254 + -11?
-1042305
In base 13, what is 1 - -21002c?
210030
In base 2, what is -10110011100100010 + -100?
-10110011100100110
In base 4, what is -131312 + 22021?
-103231
In base 9, what is -443 - 56?
-510
In base 11, what is -52 + 15a7?
1555
In base 7, what is -222 + -2464?
-3016
In base 16, what is -e + -cc?
-da
In base 11, what is -13920 - -1?
-1391a
In base 7, what is -104353 - 2?
-104355
In base 16, what is 2 + -3ca4?
-3ca2
In base 15, what is 7e92 - 2?
7e90
In base 9, what is 3376 + 1132?
4518
In base 16, what is b60 - 4?
b5c
In base 4, what is -220 + -1220?
-2100
In base 14, what is 22b + 250?
47b
In base 2, what is 101100 + -10011100011?
-10010110111
In base 13, what is 5 - 1c9560?
-1c9558
In base 12, what is -13316 - 0?
-13316
In base 16, what is 47221 + 8?
47229
In base 7, what is 22652 - -11?
22663
In base 3, what is 0 + -1122021000?
-1122021000
In base 12, what is 17 + -2918?
-2901
In base 9, what is 168 + -170?
-1
In base 5, what is 200 - 3332433?
-3332233
In base 14, what is -1962 - -2?
-1960
In base 16, what is 334d - -a?
3357
In base 10, what is -729 - 205?
-934
In base 8, what is 123442 + -27?
123413
In base 9, what is 34053 + 5?
34058
In base 11, what is 146109 - -3?
146111
In base 12, what is -727 + b?
-718
In base 7, what is -10245 + -465?
-11043
In base 7, what is -1 + 1042125?
1042124
In base 6, what is -410141435 + 2?
-410141433
In base 14, what is -2aa7 + 8?
-2a9d
In base 13, what is -4b - -428?
3aa
In base 11, what is -2730 + -367?
-2a97
In base 5, what is -434110 + -304?
-434414
In base 10, what is -27 - 626?
-653
In base 14, what is 126c2 + -1?
126c1
In base 12, what is -1 + 2229?
2228
In base 6, what is 220 - 21?
155
In base 7, what is 14 + -266326?
-266312
In base 10, what is 158 + -12662?
-12504
In base 13, what is -194 - 3b?
-202
In base 12, what is -460088 - -2?
-460086
In base 2, what is -1011001100000 - 10011100?
-1011011111100
In base 12, what is 5b1b - -10?
5b2b
In base 13, what is -1a31a + -1?
-1a31b
In base 14, what is a - -d19?
d25
In base 11, what is 3 + 51097?
5109a
In base 13, what is 23 - 19a4?
-1981
In base 12, what is -13ab1 + -69?
-13b5a
In base 5, what is -110 - -13041?
12431
In base 12, what is -1a8 - 192?
-37a
In base 14, what is 73cb2 + -2?
73cb0
In base 13, what is 8b - -4a?
108
In base 14, what is 23 - -2a59?
2a7c
In base 13, what is 391 - 131?
260
In base 13, what is 2a0a2 - 0?
2a0a2
In base 16, what is -f5d - 4?
-f61
In base 4, what is 33 + -2220?
-2121
In base 5, what is -41010344 - -1?
-41010343
In base 12, what is -97 - -736?
65b
In base 16, what is -31 - -a9?
78
In base 5, what is 22240 - 101?
22134
In base 11, what is -18a8 - 17?
-1914
In base 10, what is 1561 - -140?
1701
In base 3, what is -2002 - -22202?
20200
In base 5, what is -3324 + -20203?
-24032
In base 11, what is -966 + -16?
-981
In base 9, what is -3 - 201154?
-201157
In base 14, what is 338c - 3?
3389
In base 13, what is 3b - -281?
2bc
In base 9, what is 5046 - -1232?
6278
In base 6, what is -113 - -305024?
304511
In base 10, what is 39118 - 3?
39115
In base 8, what is -203752 - -15?
-203735
In base 6, what is -1 + 13400341?
13400340
In base 9, what is -403 + 316?
-76
In base 6, what is -13 + 351230?
351213
In base 14, what is -2 - -29a055?
29a053
In base 14, what is 15353 - -3?
15356
In base 7, what is -264655 - -1?
-264654
In base 12, what is -2832 - 7?
-2839
In base 16, what is e987 - 4?
e983
In base 7, what is 3520 + 4?
3524
In base 8, what is -5 + 7513?
7506
In base 16, what is 4316 - -17?
432d
In base 16, what is 10a5c - -3?
10a5f
In base 15, what is -24ec8 - -1?
-24ec7
In base 8, what is 115 - -710?
1025
In base 7, what is -144053 + -13?
-144066
In base 12, what is 17 + -3b6?
-39b
In base 8, what is 4 - 471514?
-471510
In base 13, what is -5710 - -1a?
-56c3
In base 15, what is 2d936e - -1?
2d9370
In base 5, what is 10323 - -3334?
14212
In base 14, what is -370505 + -3?
-370508
In base 13, what is 14ab47 - 3?
14ab44
In base 8, what is -674774 + 3?
-674771
In base 12, what is -22a4 - -4?
-22a0
In base 7, what is -2 + -22625?
-22630
In base 10, what is -48922 + 1?
-48921
In base 14, what is -10c56 - b?
-10c63
In base 12, what is 3 - -337a3?
337a6
In base 14, what is -12a + -269?
-395
In base 7, what is 2 + -22442?
-22440
In base 5, what is -10110343 + -1?
-10110344
In base 7, what is -15164 + -40?
-15234
In base 2, what is 101010111 - -1001101101?
1111000100
In base 12, what is a8b32 - -3?
a8b35
In base 2, what is -11 + 10100110111000010101?
10100110111000010010
In base 2, what is -11011101100001 - 111011?
-11011110011100
In base 2, what is -10001001 - -110010110?
100001101
In base 4, what is 11 - -3011102?
3011113
In base 13, what is -2 + -3294?
-3296
In base 8, what is -4 + -54034?
-54040
In base 12, what is -7202 - -10?
-71b2
In base 3, what is 202201010020 - 11?
202201010002
In base 10, what is 378 + 7087?
7465
In base 12, what is 2 + -69991?
